{"id":376,"date":"2025-01-09T17:59:53","date_gmt":"2025-01-09T16:59:53","guid":{"rendered":"https:\/\/bykronborg.dk\/?page_id=376"},"modified":"2025-01-09T18:13:08","modified_gmt":"2025-01-09T17:13:08","slug":"om","status":"publish","type":"page","link":"https:\/\/bykronborg.dk\/?page_id=376","title":{"rendered":"Om mig"},"content":{"rendered":"\n<div class=\"section-wrapper\" data-id=\"SeMt7c\"><section class=\"wp-block-gutenverse-section guten-element guten-section guten-SeMt7c layout-boxed align-stretch\"><div class=\"guten-container guten-column-gap-default\">\n<div class=\"wp-block-gutenverse-column guten-element guten-column guten-AxTNoj\"><div class=\"guten-column-wrapper\" data-id=\"AxTNoj\">\n<figure class=\"wp-block-image size-large\"><img decoding=\"async\" width=\"904\" height=\"1024\" src=\"https:\/\/bykronborg.dk\/wp-content\/uploads\/2024\/11\/fotografsandraglahder100of121-1-904x1024.jpg\" alt=\"\" class=\"wp-image-249\" srcset=\"https:\/\/bykronborg.dk\/wp-content\/uploads\/2024\/11\/fotografsandraglahder100of121-1-904x1024.jpg 904w, https:\/\/bykronborg.dk\/wp-content\/uploads\/2024\/11\/fotografsandraglahder100of121-1-265x300.jpg 265w, https:\/\/bykronborg.dk\/wp-content\/uploads\/2024\/11\/fotografsandraglahder100of121-1-768x870.jpg 768w, https:\/\/bykronborg.dk\/wp-content\/uploads\/2024\/11\/fotografsandraglahder100of121-1-1355x1536.jpg 1355w, https:\/\/bykronborg.dk\/wp-content\/uploads\/2024\/11\/fotografsandraglahder100of121-1-1807x2048.jpg 1807w\" sizes=\"(max-width: 904px) 100vw, 904px\" \/><\/figure>\n<\/div><\/div>\n\n\n\n<div class=\"wp-block-gutenverse-column guten-element guten-column guten-n7Erc5\"><div class=\"guten-column-wrapper\" data-id=\"n7Erc5\">\n<!DOCTYPE html>\n<html lang=\"da\">\n<head>\n    <meta charset=\"UTF-8\">\n    <meta name=\"viewport\" content=\"width=device-width, initial-scale=1.0\">\n    <title>Lin &#8211; Fotograf<\/title>\n    <style>\n        body {\n            font-family: Arial, sans-serif;\n        }\n        em {\n            font-style: italic;\n        }\n    <\/style>\n<\/head>\n<body>\n    <p><em>Hej med dig, mit navn er Lin. Jeg er 34 \u00e5r og selvst\u00e6ndig fotograf. Privat er jeg gift med Mads og mor til vores 3 dejlige drenge.<\/em><\/p>\n    <br>\n\n    <p><em>Jeg k\u00f8bte mit f\u00f8rste kamera under min barsel med vores mellemste s\u00f8n for 6 \u00e5r siden, og hvad der startede som en hobby er sidenhen blevet meget mere end det. Jeg ser det som et k\u00e6mpe privilegie, at noget af det jeg allerbedst kan lide at lave, nu ogs\u00e5 er blevet min levevej.<\/em><\/p>\n    <br>\n\n    <p><em>Jeg er f\u00f8dt og opvokset p\u00e5 den nordjyske vestkyst, og jeg holder meget af naturen her som har v\u00e6ret en stor del af opv\u00e6kst. Jeg br\u00e6nder for at integrere naturen i jeres billeder, s\u00e5 den ikke bare bliver baggrundsmotiv, men er med til at skabe rammerne og stemningen i jeres billeder. Derfor bruger jeg ogs\u00e5 meget tid p\u00e5 at finde de helt rigtige lokationer, som passer til b\u00e5de \u00e5rstiden og den type fotografering vi skal have sammen.<\/em><\/p>\n    <br>\n\n    <p><em>For mig handler fotografering ikke kun om at tage billedet, men om at fastfryse gl\u00e6den, de sm\u00e5 og store \u00f8jeblikke og k\u00e6rligheden imellem jer, s\u00e5 minderne varer for evigt.<\/em><\/p>\n    <br>\n\n    <p><em>Som person er jeg rolig og n\u00e6rv\u00e6rende og jeg g\u00f8r altid mit bedste for, at I er trygge og tilpasse hele vejen igennem. Det skal v\u00e6re en god oplevelse at blive fotograferet, for b\u00e5de store og sm\u00e5.<\/em><\/p>\n    <br>\n\n    <p><em>Jeg gl\u00e6der mig til at m\u00f8de jer!<\/em><\/p>\n    <br>\n<\/body>\n<\/html>\n<\/div><\/div>\n<\/div><\/section><\/div>\n\n\n\n<p><\/p>\n","protected":false},"excerpt":{"rendered":"","protected":false},"author":1,"featured_media":0,"parent":0,"menu_order":0,"comment_status":"closed","ping_status":"closed","template":"","meta":{"footnotes":""},"class_list":["post-376","page","type-page","status-publish","hentry"],"yoast_head":"<!-- This site is optimized with the Yoast SEO plugin v26.7 - https:\/\/yoast.com\/wordpress\/plugins\/seo\/ -->\n<title>Om mig - By Kronborg Photography<\/title>\n<meta name=\"robots\" content=\"index, follow, max-snippet:-1, max-image-preview:large, max-video-preview:-1\" \/>\n<link rel=\"canonical\" href=\"https:\/\/bykronborg.dk\/?page_id=376\" \/>\n<meta property=\"og:locale\" content=\"da_DK\" \/>\n<meta property=\"og:type\" content=\"article\" \/>\n<meta property=\"og:title\" content=\"Om mig - By Kronborg Photography\" \/>\n<meta property=\"og:url\" content=\"https:\/\/bykronborg.dk\/?page_id=376\" \/>\n<meta property=\"og:site_name\" content=\"By Kronborg Photography\" \/>\n<meta property=\"article:modified_time\" content=\"2025-01-09T17:13:08+00:00\" \/>\n<meta property=\"og:image\" content=\"https:\/\/bykronborg.dk\/wp-content\/uploads\/2024\/11\/fotografsandraglahder100of121-1-scaled.jpg\" \/>\n\t<meta property=\"og:image:width\" content=\"2259\" \/>\n\t<meta property=\"og:image:height\" content=\"2560\" \/>\n\t<meta property=\"og:image:type\" content=\"image\/jpeg\" \/>\n<meta name=\"twitter:card\" content=\"summary_large_image\" \/>\n<meta name=\"twitter:label1\" content=\"Estimeret l\u00e6setid\" \/>\n\t<meta name=\"twitter:data1\" content=\"2 minutter\" \/>\n<script type=\"application\/ld+json\" class=\"yoast-schema-graph\">{\"@context\":\"https:\/\/schema.org\",\"@graph\":[{\"@type\":\"WebPage\",\"@id\":\"https:\/\/bykronborg.dk\/?page_id=376\",\"url\":\"https:\/\/bykronborg.dk\/?page_id=376\",\"name\":\"Om mig - By Kronborg Photography\",\"isPartOf\":{\"@id\":\"https:\/\/bykronborg.dk\/#website\"},\"primaryImageOfPage\":{\"@id\":\"https:\/\/bykronborg.dk\/?page_id=376#primaryimage\"},\"image\":{\"@id\":\"https:\/\/bykronborg.dk\/?page_id=376#primaryimage\"},\"thumbnailUrl\":\"https:\/\/bykronborg.dk\/wp-content\/uploads\/2024\/11\/fotografsandraglahder100of121-1-904x1024.jpg\",\"datePublished\":\"2025-01-09T16:59:53+00:00\",\"dateModified\":\"2025-01-09T17:13:08+00:00\",\"breadcrumb\":{\"@id\":\"https:\/\/bykronborg.dk\/?page_id=376#breadcrumb\"},\"inLanguage\":\"da-DK\",\"potentialAction\":[{\"@type\":\"ReadAction\",\"target\":[\"https:\/\/bykronborg.dk\/?page_id=376\"]}]},{\"@type\":\"ImageObject\",\"inLanguage\":\"da-DK\",\"@id\":\"https:\/\/bykronborg.dk\/?page_id=376#primaryimage\",\"url\":\"https:\/\/bykronborg.dk\/wp-content\/uploads\/2024\/11\/fotografsandraglahder100of121-1-scaled.jpg\",\"contentUrl\":\"https:\/\/bykronborg.dk\/wp-content\/uploads\/2024\/11\/fotografsandraglahder100of121-1-scaled.jpg\",\"width\":2259,\"height\":2560},{\"@type\":\"BreadcrumbList\",\"@id\":\"https:\/\/bykronborg.dk\/?page_id=376#breadcrumb\",\"itemListElement\":[{\"@type\":\"ListItem\",\"position\":1,\"name\":\"Hjem\",\"item\":\"https:\/\/bykronborg.dk\/\"},{\"@type\":\"ListItem\",\"position\":2,\"name\":\"Om mig\"}]},{\"@type\":\"WebSite\",\"@id\":\"https:\/\/bykronborg.dk\/#website\",\"url\":\"https:\/\/bykronborg.dk\/\",\"name\":\"By Kronborg Photography\",\"description\":\"\",\"publisher\":{\"@id\":\"https:\/\/bykronborg.dk\/#organization\"},\"potentialAction\":[{\"@type\":\"SearchAction\",\"target\":{\"@type\":\"EntryPoint\",\"urlTemplate\":\"https:\/\/bykronborg.dk\/?s={search_term_string}\"},\"query-input\":{\"@type\":\"PropertyValueSpecification\",\"valueRequired\":true,\"valueName\":\"search_term_string\"}}],\"inLanguage\":\"da-DK\"},{\"@type\":\"Organization\",\"@id\":\"https:\/\/bykronborg.dk\/#organization\",\"name\":\"By Kronborg Photography\",\"url\":\"https:\/\/bykronborg.dk\/\",\"logo\":{\"@type\":\"ImageObject\",\"inLanguage\":\"da-DK\",\"@id\":\"https:\/\/bykronborg.dk\/#\/schema\/logo\/image\/\",\"url\":\"https:\/\/bykronborg.dk\/wp-content\/uploads\/2024\/10\/ByKronborg_black.png\",\"contentUrl\":\"https:\/\/bykronborg.dk\/wp-content\/uploads\/2024\/10\/ByKronborg_black.png\",\"width\":1200,\"height\":448,\"caption\":\"By Kronborg Photography\"},\"image\":{\"@id\":\"https:\/\/bykronborg.dk\/#\/schema\/logo\/image\/\"}}]}<\/script>\n<!-- \/ Yoast SEO plugin. -->","yoast_head_json":{"title":"Om mig - By Kronborg Photography","robots":{"index":"index","follow":"follow","max-snippet":"max-snippet:-1","max-image-preview":"max-image-preview:large","max-video-preview":"max-video-preview:-1"},"canonical":"https:\/\/bykronborg.dk\/?page_id=376","og_locale":"da_DK","og_type":"article","og_title":"Om mig - By Kronborg Photography","og_url":"https:\/\/bykronborg.dk\/?page_id=376","og_site_name":"By Kronborg Photography","article_modified_time":"2025-01-09T17:13:08+00:00","og_image":[{"width":2259,"height":2560,"url":"https:\/\/bykronborg.dk\/wp-content\/uploads\/2024\/11\/fotografsandraglahder100of121-1-scaled.jpg","type":"image\/jpeg"}],"twitter_card":"summary_large_image","twitter_misc":{"Estimeret l\u00e6setid":"2 minutter"},"schema":{"@context":"https:\/\/schema.org","@graph":[{"@type":"WebPage","@id":"https:\/\/bykronborg.dk\/?page_id=376","url":"https:\/\/bykronborg.dk\/?page_id=376","name":"Om mig - By Kronborg Photography","isPartOf":{"@id":"https:\/\/bykronborg.dk\/#website"},"primaryImageOfPage":{"@id":"https:\/\/bykronborg.dk\/?page_id=376#primaryimage"},"image":{"@id":"https:\/\/bykronborg.dk\/?page_id=376#primaryimage"},"thumbnailUrl":"https:\/\/bykronborg.dk\/wp-content\/uploads\/2024\/11\/fotografsandraglahder100of121-1-904x1024.jpg","datePublished":"2025-01-09T16:59:53+00:00","dateModified":"2025-01-09T17:13:08+00:00","breadcrumb":{"@id":"https:\/\/bykronborg.dk\/?page_id=376#breadcrumb"},"inLanguage":"da-DK","potentialAction":[{"@type":"ReadAction","target":["https:\/\/bykronborg.dk\/?page_id=376"]}]},{"@type":"ImageObject","inLanguage":"da-DK","@id":"https:\/\/bykronborg.dk\/?page_id=376#primaryimage","url":"https:\/\/bykronborg.dk\/wp-content\/uploads\/2024\/11\/fotografsandraglahder100of121-1-scaled.jpg","contentUrl":"https:\/\/bykronborg.dk\/wp-content\/uploads\/2024\/11\/fotografsandraglahder100of121-1-scaled.jpg","width":2259,"height":2560},{"@type":"BreadcrumbList","@id":"https:\/\/bykronborg.dk\/?page_id=376#breadcrumb","itemListElement":[{"@type":"ListItem","position":1,"name":"Hjem","item":"https:\/\/bykronborg.dk\/"},{"@type":"ListItem","position":2,"name":"Om mig"}]},{"@type":"WebSite","@id":"https:\/\/bykronborg.dk\/#website","url":"https:\/\/bykronborg.dk\/","name":"By Kronborg Photography","description":"","publisher":{"@id":"https:\/\/bykronborg.dk\/#organization"},"potentialAction":[{"@type":"SearchAction","target":{"@type":"EntryPoint","urlTemplate":"https:\/\/bykronborg.dk\/?s={search_term_string}"},"query-input":{"@type":"PropertyValueSpecification","valueRequired":true,"valueName":"search_term_string"}}],"inLanguage":"da-DK"},{"@type":"Organization","@id":"https:\/\/bykronborg.dk\/#organization","name":"By Kronborg Photography","url":"https:\/\/bykronborg.dk\/","logo":{"@type":"ImageObject","inLanguage":"da-DK","@id":"https:\/\/bykronborg.dk\/#\/schema\/logo\/image\/","url":"https:\/\/bykronborg.dk\/wp-content\/uploads\/2024\/10\/ByKronborg_black.png","contentUrl":"https:\/\/bykronborg.dk\/wp-content\/uploads\/2024\/10\/ByKronborg_black.png","width":1200,"height":448,"caption":"By Kronborg Photography"},"image":{"@id":"https:\/\/bykronborg.dk\/#\/schema\/logo\/image\/"}}]}},"_links":{"self":[{"href":"https:\/\/bykronborg.dk\/index.php?rest_route=\/wp\/v2\/pages\/376","targetHints":{"allow":["GET"]}}],"collection":[{"href":"https:\/\/bykronborg.dk\/index.php?rest_route=\/wp\/v2\/pages"}],"about":[{"href":"https:\/\/bykronborg.dk\/index.php?rest_route=\/wp\/v2\/types\/page"}],"author":[{"embeddable":true,"href":"https:\/\/bykronborg.dk\/index.php?rest_route=\/wp\/v2\/users\/1"}],"replies":[{"embeddable":true,"href":"https:\/\/bykronborg.dk\/index.php?rest_route=%2Fwp%2Fv2%2Fcomments&post=376"}],"version-history":[{"count":8,"href":"https:\/\/bykronborg.dk\/index.php?rest_route=\/wp\/v2\/pages\/376\/revisions"}],"predecessor-version":[{"id":391,"href":"https:\/\/bykronborg.dk\/index.php?rest_route=\/wp\/v2\/pages\/376\/revisions\/391"}],"wp:attachment":[{"href":"https:\/\/bykronborg.dk\/index.php?rest_route=%2Fwp%2Fv2%2Fmedia&parent=376"}],"curies":[{"name":"wp","href":"https:\/\/api.w.org\/{rel}","templated":true}]}}